3419.
485
Calculate the remainder when 1830 is divided by 413.
178
What is the remainder when 4201 is divided by 472?
425
What is the remainder when 751106 is divided by 91?
83
Calculate the remainder when 21661 is divided by 139.
116
What is the remainder when 4280 is divided by 1230?
590
What is the remainder when 968 is divided by 240?
8
Calculate the remainder when 19566 is divided by 19503.
63
Calculate the remainder when 40672 is divided by 149.
144
Calculate the remainder when 1089 is divided by 941.
148
What is the remainder when 371458 is divided by 20?
18
Calculate the remainder when 7501 is divided by 139.
134
What is the remainder when 1667161 is divided by 212?
205
Calculate the remainder when 1696 is divided by 223.
135
What is the remainder when 22702 is divided by 80?
62
Calculate the remainder when 5323 is divided by 2644.
35
Calculate the remainder when 1052368 is divided by 19.
15
What is the remainder when 30769 is divided by 161?
18
Calculate the remainder when 1770 is divided by 37.
31
What is the remainder when 3214 is divided by 958?
340
What is the remainder when 106414 is divided by 66?
22
Calculate the remainder when 1626 is divided by 114.
30
Calculate the remainder when 792 is divided by 263.
3
Calculate the remainder when 673814 is divided by 1178.
1176
What is the remainder when 428465 is divided by 19475?
15
What is the remainder when 503 is divided by 9?
8
What is the remainder when 18750 is divided by 586?
584
Calculate the remainder when 997 is divided by 256.
229
What is the remainder when 780746 is divided by 1543?
1531
What is the remainder when 52185 is divided by 86?
69
What is the remainder when 678 is divided by 116?
98
Calculate the remainder when 35404 is divided by 5.
4
Calculate the remainder when 11777 is divided by 1308.
5
Calculate the remainder when 46889 is divided by 203.
199
What is the remainder when 77176 is divided by 58?
36
Calculate the remainder when 34272 is divided by 30.
12
What is the remainder when 794999 is divided by 33?
29
What is the remainder when 15452 is divided by 257?
32
Calculate the remainder when 9192 is divided by 1818.
102
Calculate the remainder when 25340 is divided by 8415.
95
What is the remainder when 7065 is divided by 802?
649
Calculate the remainder when 853 is divided by 769.
84
Calculate the remainder when 71647 is divided by 17906.
23
Calculate the remainder when 125833 is divided by 25158.
43
What is the remainder when 4998 is divided by 1056?
774
Calculate the remainder when 81282 is divided by 594.
498
What is the remainder when 6377 is divided by 353?
23
What is the remainder when 1490 is divided by 493?
11
Calculate the remainder when 19926 is divided by 188.
186
What is the remainder when 1531 is divided by 434?
229
Calculate the remainder when 18060 is divided by 10.
0
Calculate the remainder when 828 is divided by 188.
76
What is the remainder when 1578575 is divided by 1714?
1695
What is the remainder when 99240 is divided by 13?
11
What is the remainder when 32139 is divided by 20?
19
What is the remainder when 15840 is divided by 934?
896
What is the remainder when 5726 is divided by 921?
200
Calculate the remainder when 117933 is divided by 104.
101
What is the remainder when 254 is divided by 27?
11
What is the remainder when 3872 is divided by 73?
3
Calculate the remainder when 296734 is divided by 22.
20
Calculate the remainder when 4882 is divided by 268.
58
Calculate the remainder when 198841 is divided by 41.
32
Calculate the remainder when 672 is divided by 193.
93
What is the remainder when 47096 is divided by 100?
96
What is the remainder when 35716 is divided by 66?
10
Calculate the remainder when 56104 is divided by 177.
172
Calculate the remainder when 2541 is divided by 239.
151
Calculate the remainder when 5665 is divided by 626.
31
What is the remainder when 1168 is divided by 553?
62
What is the remainder when 11849 is divided by 11645?
204
Calculate the remainder when 1309789 is divided by 32.
29
What is the remainder when 17967 is divided by 145?
132
What is the remainder when 20079 is divided by 300?
279
What is the remainder when 86937 is divided by 491?
30
Calculate the remainder when 24235 is divided by 961.
210
What is the remainder when 1807901 is divided by 112?
109
What is the remainder when 3161 is divided by 2069?
1092
Calculate the remainder when 57810 is divided by 164.
82
What is the remainder when 3006 is divided by 1422?
162
What is the remainder when 620 is divided by 126?
116
Calculate the remainder when 152551 is divided by 8026.
57
Calculate the remainder when 1693 is divided by 476.
265
Calculate the remainder when 807 is divided by 797.
10
Calculate the remainder when 1587297 is divided by 300.
297
What is the remainder when 16378 is divided by 781?
758
What is the remainder when 49381 is divided by 1130?
791
Calculate the remainder when 65892 is divided by 5.
2
What is the remainder when 1530 is divided by 189?
18
Calculate the remainder when 29262 is divided by 418.
2
Calculate the remainder when 32163 is divided by 1072.
3
What is the remainder when 8105 is divided by 490?
265
What is the remainder when 76815 is divided by 883?
877
Calculate the remainder when 38996 is divided by 114.
8
Calculate the remainder when 156891 is divided by 351.
345
Calculate the remainder when 832768 is divided by 95.
93
Calculate the remainder when 423044 is divided by 57.
47
Calculate the remainder when 511 is divided by 138.
97
What is the remainder when 727558 is divided by 257?
248
What is the remainder when 7128 is divided by 1991?
1155
What is the remainder when 51962 is divided by 366?
356
Calculate the remainder when 314 is divided by 229.
85
What is the remainder when 1570 is divided by 48?
34
Calculate the remainder when 801 is divided by 246.
63
What is the remainder when 57172 is divided by 29?
13
Calculate the remainder when 60151 is divided by 234.
13
Calculate the remainder when 9298 is divided by 9082.
216
Calculate the remainder when 17670 is divided by 8.
6
What is the remainder when 1190271 is divided by 68?
67
Calculate the remainder when 5743 is divided by 17.
14
Calculate the remainder when 2145 is divided by 4.
1
What is the remainder when 1817 is divided by 8?
1
What is the remainder when 8343 is divided by 254?
215
Calculate the remainder when 161913 is divided by 479.
11
What is the remainder when 98866 is divided by 942?
898
Calculate the remainder when 28834 is divided by 191.
184
What is the remainder when 7544 is divided by 77?
75
Calculate the remainder when 5051 is divided by 4684.
367
Calculate the remainder when 49055 is divided by 24526.
3
What is the remainder when 4864 is divided by 4805?
59
Calculate the remainder when 285308 is divided by 10.
8
Calculate the remainder when 539030 is divided by 284.
282
What is the remainder when 3456 is divided by 1625?
206
What is the remainder when 2369042 is divided by 565?
562
Calculate the remainder when 377 is divided by 245.
132
Calculate the remainder when 1805819 is divided by 849.
845
Calculate the remainder when 4784 is divided by 4759.
25
Calculate the remainder when 8612 is divided by 4095.
422
What is the remainder when 200415 is divided by 45?
30
What is the remainder when 5084 is divided by 1622?
218
Calculate the remainder when 12954 is divided by 1011.
822
What is the remainder when 476739 is divided by 158912?
3
Calculate the remainder when 36871 is divided by 36.
7
What is the remainder when 1967 is divided by 166?
141
Calculate the remainder when 123661 is divided by 24701.
156
Calculate the remainder when 17845 is divided by 5936.
37
What is the remainder when 1996167 is divided by 23?
20
What is the remainder when 56048 is divided by 10?
8
Calculate the remainder when 20781 is divided by 1039.
1
What is the remainder when 15357 is divided by 2559?
3
Calculate the remainder when 48226 is divided by 311.
21
Calculate the remainder when 25702 is divided by 1222.
40
What is the remainder when 17464 is divided by 2183?
0
What is the remainder when 15616 is divided by 81?
64
Calculate the remainder when 237795 is divided by 269.
268
What is the remainder when 907 is divided by 28?
11
What is the remainder when 1278 is divided by 